List the prime factors of 19895338.
2, 17, 34421
What are the prime factors of 18265277?
18265277
What are the prime factors of 4072555659?
3, 277, 4900789
What are the prime factors of 68623029?
3, 103, 74027
List the prime factors of 4006057379.
6653, 602143
What are the prime factors of 311621206?
2, 13, 1439, 8329
What are the prime factors of 225115643?
139, 197, 8221
What are the prime factors of 268505081?
13, 20654237
What are the prime factors of 798281268?
2, 3, 113, 588703
What are the prime factors of 93384300?
2, 3, 5, 37, 47, 179
What are the prime factors of 28195964?
2, 593, 11887
What are the prime factors of 894014104?
2, 107, 1044409
List the prime factors of 1305956855.
5, 7, 29, 1286657
What are the prime factors of 388048246?
2, 29, 127, 139, 379
List the prime factors of 16951900.
2, 5, 7, 61, 397
List the prime factors of 101026139.
101026139
List the prime factors of 41677104.
2, 3, 7, 23, 5393
List the prime factors of 8769407881.
13, 107, 283, 22277
What are the prime factors of 61016200?
2, 5, 7, 41, 1063
What are the prime factors of 37303272?
2, 3, 518101
List the prime factors of 385799143.
223, 1730041
What are the prime factors of 72912878?
2, 3923, 9293
What are the prime factors of 756751633?
11, 31, 2219213
List the prime factors of 1478737986.
2, 3, 11, 617, 36313
What are the prime factors of 28504958?
2, 23, 43, 14411
What are the prime factors of 3061712477?
313, 9781829
What are the prime factors of 34848099?
3, 11, 13, 27077
List the prime factors of 95879215.
5, 19175843
List the prime factors of 68807423.
4093, 16811
What are the prime factors of 10628398?
2, 11, 37, 1187
List the prime factors of 38644332.
2, 3, 17, 189433
List the prime factors of 44517607.
44517607
List the prime factors of 494921888.
2, 29, 533321
What are the prime factors of 1098519901?
127, 8649763
What are the prime factors of 2252027764?
2, 7, 80429563
What are the prime factors of 148523173?
148523173
List the prime factors of 2065145000.
2, 5, 53, 7793
List the prime factors of 312412012.
2, 11, 29, 244837
What are the prime factors of 363233589?
3, 61, 127, 15629
What are the prime factors of 29560610?
2, 5, 2956061
What are the prime factors of 2082725742?
2, 3, 1777, 195341
List the prime factors of 14564287.
14564287
List the prime factors of 4000977604.
2, 13, 23, 227, 14737
What are the prime factors of 11567397?
3, 3855799
List the prime factors of 30729475.
5, 7, 89, 1973
What are the prime factors of 2329215684?
2, 3, 2357, 82351
What are the prime factors of 1005047463?
3, 7, 17, 2815259
List the prime factors of 35625650.
2, 5, 107, 6659
List the prime factors of 37757055.
3, 5, 7, 109, 3299
List the prime factors of 789914914.
2, 2711, 145687
List the prime factors of 411553607.
411553607
What are the prime factors of 4672225045?
5, 59, 353, 44867
List the prime factors of 20419884.
2, 3, 71, 2663
List the prime factors of 242210032.
2, 15138127
What are the prime factors of 523361942?
2, 401, 547, 1193
List the prime factors of 524860296.
2, 3, 151, 144829
List the prime factors of 180642676.
2, 45160669
What are the prime factors of 4858489054?
2, 67, 36257381
List the prime factors of 4030851051.
3, 457, 980027
List the prime factors of 1904818088.
2, 238102261
List the prime factors of 338012510.
2, 5, 11, 3072841
List the prime factors of 170568594.
2, 3, 7, 37, 36587
List the prime factors of 38583306.
2, 3, 2143517
What are the prime factors of 77326031?
179, 419, 1031
List the prime factors of 4707722750.
2, 5, 37, 508943
What are the prime factors of 669838189?
1451, 461639
List the prime factors of 44509895.
5, 59, 150881
List the prime factors of 1463375575.
5, 23, 2545001
List the prime factors of 31588632.
2, 3, 97, 4523
List the prime factors of 1551924740.
2, 5, 569, 136373
List the prime factors of 927908276.
2, 231977069
What are the prime factors of 10668116?
2, 131, 20359
List the prime factors of 344600510.
2, 5, 359, 95989
List the prime factors of 136508224.
2, 2132941
What are the prime factors of 1089480406?
2, 7, 19, 585113
List the prime factors of 4927354116.
2, 3, 410612843
What are the prime factors of 320785172?
2, 17, 4717429
List the prime factors of 225925603.
1559, 144917
What are the prime factors of 81536692?
2, 17, 1199069
List the prime factors of 22981982.
2, 19, 139, 229
List the prime factors of 405799257.
3, 613, 220663
List the prime factors of 47737314.
2, 3, 199, 13327
List the prime factors of 112635526.
2, 6791, 8293
List the prime factors of 2832276751.
38851, 72901
What are the prime factors of 1102572076?
2, 167, 1650557
List the prime factors of 37876045.
5, 7575209
List the prime factors of 40573425.
3, 5, 193, 2803
What are the prime factors of 91209929?
59, 131, 11801
What are the prime factors of 368585011?
2741, 134471
What are the prime factors of 10990727?
11, 821, 1217
List the prime factors of 2620875780.
2, 3, 5, 31, 469691
What are the prime factors of 151430276?
2, 337, 112337
List the prime factors of 3585150785.
5, 8707, 82351
List the prime factors of 61641016.
2, 19, 43, 9431
What are the prime factors of 33077436?
2, 3, 7, 393779
List the prime factors of 297003283.
1531, 193993
What are the prime factors of 1288098613?
293, 1801, 2441
List the prime factors of 66218021.
19, 3485159
What are the prime factors of 145329503?
11, 829, 15937
List the prime factors of 214862494.
2, 7, 11, 113, 12347
What are the prime factors of 305110362?
2, 3, 37, 67, 73, 281
List the prime factors of 1741744254.
2, 3, 643, 661, 683
List the prime factors of 6691964134.
2, 2851, 1173617
What are the prime factors of 1792857042?
2, 3, 1847, 53927
List the prime factors of 2457708074.
2, 1009, 1217893
List the prime factors of 6362737745.
5, 7, 13, 37, 67, 5641
List the prime factors of 506062692.
2, 3, 14057297
List the prime factors of 2778095364.
2, 3, 11, 47, 447791
List the prime factors of 20736484.
2, 5184121
What are the prime factors of 5426282913?
3, 277, 6529823
What are the prime factors of 1303240457?
19, 73, 939611
List the prime factors of 199465492.
2, 41, 73, 16661
List the prime factors of 98653099.
29, 3401831
List the prime factors of 2180146974.
2, 3, 97, 3745957
What are the prime factors of 3209374929?
3, 29, 757, 48731
List the prime factors of 1097586468.
2, 3, 11, 239, 11597
What are the prime factors of 629008940?
2, 5, 7, 743, 6047
What are the prime factors of 181093353?
3, 7, 337, 25589
What are the prime factors of 720472373?
67, 1583, 6793
List the prime factors of 4875838467.
3, 109, 14910821
What are the prime factors of 53366749?
53366749
List the prime factors of 444254149.
17, 31, 842987
List the prime factors of 684528745.
5, 4073, 33613
List the prime factors of 12566559.
3, 4188853
List the prime factors of 409281005.
5, 7, 11693743
What are the prime factors of 14049379?
19, 229, 3229
List the prime factors of 38728092.
2, 3, 13, 248257
What are the prime factors of 436016875?
5, 7, 99661
What are the prime factors of 59335731?
3, 7, 13, 5573
List the prime factors of 4247380730.
2, 5, 424738073
What are the prime factors of 307465518?
2, 3, 23, 2228011
What are the prime factors of 89718467?
733, 122399
List the prime factors of 621475801.
23, 223, 121169
What are the prime factors of 887711532?
2, 3, 457, 161873
List the prime factors of 540692494.
2, 270346247
List the prime factors of 16413666.
2, 3, 2735611
List the prime factors of 13017803.
83, 156841
What are the prime factors of 249937322?
2, 124968661
What are the prime factors of 2807658254?
2, 23, 43, 103, 13781
List the prime factors of 149536316.
2, 37384079
List the prime factors of 266536384.
2, 4164631
What are the prime factors of 33095985?
3, 5, 13, 89, 1907
List the prime factors of 169741693.
11, 211, 73133
List the prime factors of 178974880.
2, 5, 7, 159799
What are the prime factors of 49808564?
2, 13, 157, 6101
What are the prime factors of 193344072?
2, 3, 23, 227, 1543
List the prime factors of 5541981895.
5, 17, 1747, 37321
List the prime factors of 925649489.
1451, 637939
List the prime factors of 53090225.
5, 113, 18793
What are the prime factors of 7322931?
3, 7, 11, 10567
List the prime factors of 201873773.
613, 329321
List the prime fact